 136?
True
Is 170 a factor of 3496389?
False
Is 12 a factor of 7557?
False
Is 173 a factor of 4384779?
False
Does 528 divide 112992?
True
Does 220 divide 219120?
True
Is 17 a factor of 104712?
False
Is 6 a factor of 2220?
True
Is 39 a factor of 6740565?
True
Is 6092368 a multiple of 31?
True
Is 811720 a multiple of 364?
True
Is 504492 a multiple of 204?
True
Is 2593694 a multiple of 36?
False
Is 6958588 a multiple of 182?
True
Is 1750 a factor of 2590000?
True
Is 2016637 a multiple of 17?
False
Is 1549899 a multiple of 39?
True
Is 2095963 a multiple of 14?
False
Is 6162343 a multiple of 17?
False
Does 379 divide 11845450?
False
Is 12 a factor of 2287516?
False
Does 8 divide 169123?
False
Is 362365 a multiple of 15?
False
Is 17 a factor of 6870856?
True
Is 20 a factor of 224420?
True
Is 1193433 even?
False
Is 760058 a multiple of 58?
False
Is 239452 a multiple of 46?
False
Is 3 a factor of 12296?
False
Is 855400 a multiple of 520?
True
Does 14 divide 257796?
True
Is 16 a factor of 2801072?
True
Is 13 a factor of 3934541?
True
Is 347 a factor of 127252?
False
Is 11 a factor of 14348?
False
Does 861 divide 262605?
True
Is 171908 a multiple of 11?
True
Is 15 a factor of 105225?
True
Does 146 divide 276816?
True
Is 119011 a multiple of 19?
False
Is 74 a factor of 1569815?
False
Does 3 divide 11616?
True
Does 482 divide 1039762?
False
Is 509760 a multiple of 18?
True
Is 21 a factor of 2282344?
False
Is 72 a factor of 680256?
True
Does 37 divide 811921?
False
Is 13 a factor of 133238?
False
Is 3986850 a multiple of 75?
True
Is 8 a factor of 29312?
True
Is 18212 a multiple of 116?
True
Is 3 a factor of 36156?
True
Is 485679 a multiple of 14?
False
Is 186975 even?
False
Is 73 a factor of 1930412?
True
Is 1075 a factor of 1030941?
False
Is 30 a factor of 472450?
False
Is 10068410 a multiple of 106?
True
Is 383856 a multiple of 44?
True
Does 59 divide 1822864?
True
Is 161 a factor of 259259?
False
Is 248321 a multiple of 239?
True
Does 10 divide 178523?
False
Does 7 divide 857556?
True
Does 166 divide 176969?
False
Does 15 divide 886802?
False
Is 3 a factor of 993959?
False
Is 230355 a multiple of 5?
True
Is 525933 a multiple of 9?
True
Is 1084314 a multiple of 42?
True
Is 67840 a multiple of 32?
True
Does 380 divide 6546640?
True
Does 319 divide 3234979?
True
Is 95088 a multiple of 42?
True
Is 2937278 a multiple of 93?
False
Does 79 divide 472981?
False
Is 28 a factor of 64360?
False
Does 21 divide 345849?
True
Is 78 a factor of 162084?
True
Does 48 divide 10097907?
False
Is 3462177 a multiple of 29?
False
Does 724 divide 4221644?
True
Is 527892 a multiple of 12?
True
Is 11 a factor of 250667?
False
Does 437 divide 2786824?
False
Is 689 a factor of 1319837?
False
Is 116078 a multiple of 2?
True
Is 35 a factor of 1177820?
True
Is 93 a factor of 1787165?
False
Is 67888 a multiple of 11?
False
Is 497280 a multiple of 444?
True
Does 138 divide 214593?
False
Does 306 divide 627300?
True
Is 30 a factor of 1687565?
False
Does 7 divide 1536898?
False
Is 46 a factor of 114368?
False
Is 30805 a multiple of 101?
True
Is 213 a factor of 93081?
True
Does 784 divide 4023777?
False
Is 6087888 a multiple of 201?
True
Is 39 a factor of 130643?
False
Is 230209 a multiple of 7?
True
Does 46 divide 62363?
False
Is 13477 a multiple of 113?
False
Does 120 divide 1160948?
False
Is 106901 a multiple of 53?
True
Is 86 a factor of 127882?
True
Is 8 a factor of 941808?
True
Is 2 a factor of 18019?
False
Is 24313467 a multiple of 490?
False
Is 1058877 a multiple of 69?
False
Does 133 divide 3331942?
False
Is 192710 a multiple of 9?
False
Does 49 divide 1429134?
True
Is 17 a factor of 286752?
False
Is 84 a factor of 138264?
True
Is 63954 a multiple of 153?
True
Is 2742089 a multiple of 49?
True
Does 109 divide 343895?
True
Is 124 a factor of 91636?
True
Is 12014900 a multiple of 10?
True
Does 193 divide 320717?
False
Is 753 a factor of 3264021?
False
Is 41 a factor of 11219771?
False
Is 485709 a multiple of 21?
True
Is 87 a factor of 3175239?
True
Is 10 a factor of 178420?
True
Is 65 a factor of 10235205?
False
Does 76 divide 55307?
False
Does 343 divide 671594?
True
Does 755 divide 1232915?
True
Is 8790 even?
True
Does 44 divide 4111668?
True
Is 35703 a multiple of 18?
False
Is 47 a factor of 557984?
True
Is 369241 a multiple of 27?
False
Is 18 a factor of 100476?
True
Is 13284 a multiple of 41?
True
Is 178793 a multiple of 19?
False
Is 4 a factor of 4469344?
True
Is 3 a factor of 185121?
True
Does 25 divide 125490?
False
Is 306 a factor of 4318578?
True
Is 37971 a multiple of 28?
False
Is 117 a factor of 1440857?
False
Does 758 divide 1147491?
False
Does 192 divide 827911?
False
Is 82410 a multiple of 205?
True
Does 191 divide 1334708?
True
Does 282 divide 4704631?
False
Is 24 a factor of 538896?
True
Does 89 divide 108268?
False
Is 56 a factor of 629440?
True
Is 26 a factor of 1128978?
False
Is 613930 a multiple of 290?
True
Does 12 divide 2733448?
False
Is 1174224 a multiple of 68?
True
Does 101 divide 119905?
False
Is 1600 a factor of 10593600?
True
Does 125 divide 3974044?
False
Is 87267 a multiple of 10?
False
Is 68194 a multiple of 14?
True
Is 7394157 a multiple of 6?
False
Does 1619 divide 37803650?
True
Is 1467983 a multiple of 113?
True
Is 27 a factor of 8882171?
False
Is 253379 a multiple of 25?
False
Does 8 divide 830184?
True
Is 5604840 a multiple of 72?
True
Does 7 divide 415937?
False
Is 154596 a multiple of 13?
True
Is 188 a factor of 4710904?
True
Is 8 a factor of 215826?
False
Does 85 divide 279480?
True
Does 19 divide 142105?
False
Is 126382 a multiple of 33?
False
Is 39 a factor of 417729?
True
Is 127 a factor of 188606?
False
Is 14 a factor of 12956230?
True
Is 35 a factor of 66745?
True
Is 111049 a multiple of 89?
False
Is 1086 a factor of 4176756?
True
Does 95 divide 476762?
False
Is 222907 a multiple of 101?
True
Is 790972 a multiple of 41?
True
Is 38 a factor of 17118202?
True
Is 127916 a multiple of 16?
False
Does 24 divide 776352?
True
Does 950 divide 5725650?
True
Is 181869 a multiple of 41?
False
Does 6 divide 29588?
False
Is 13 a factor of 220453?
False
Does 93 divide 126294?
True
Does 6 divide 88048?
False
Is 20 a factor of 13300?
True
Is 513 a factor of 653594?
False
Is 39 a factor of 133597?
False
Is 279 a factor of 311400?
False
Is 5119800 a multiple of 100?
True
Is 3329459 a multiple of 12?
False
Is 383234 a multiple of 7?
False
Is 10464096 a multiple of 16?
True
Does 65 divide 1501030?
False
Does 39 divide 127597?
False
Is 24 a factor of 352698?
False
Is 236 a factor of 188092?
True
Is 7 a factor of 566727?
True
Is 15 a factor of 918660?
True
Does 21 divide 1398327?
True
Is 3861329 a multiple of 750?
False
Is 55130 a multiple of 185?
True
Is 411 a factor of 1167240?
True
Does 345 divide 13526070?
True
Does 17 divide 15408891?
False
Does 104 divide 79527?
False
Does 233 divide 2114737?
False
Is 17 a factor of 9486220?
False
Is 74 a factor of 264004?
False
Is 2768976 a multiple of 48?
True
Is 54 a factor of 254029?
False
Is 701055 a multiple of 159?
False
Is 14 a factor of 925456?
True
Does 116 divide 101036?
True
Is 1007 a factor of 3273757?
True
Is 1249896 a multiple of 12?
True
Is 2652449 a multiple of 1185?
False
Is 70 a factor of 170033?
False
Is 484 a factor of 739365?
False
Is 3 a factor of 8490006?
True
Does 22 divide 140674?
False
Does 31 divide 7754340?
True
Is 8 a factor of 12466440?
True
Does 8 divide 470104?
True
Does 173 divide 9695466?
False
Does 875 divide 5558875?
True
Does 7 divide 78454?
False
Is 31 a factor of 2118943?
True
Does 14 divide 26909?
False
Is 865631 a multiple of 12?
False
Does 20 divide 1376291?
False
Does 7 divide 2566731?
False
Is 468 a factor of 1967039?
False
Does 14 divide 90230?
True
Is 525969 a multiple of 106?
False
Does 12 divide 27501072?
True
Is 296167 a multiple of 276?
False
Is 2131318 a multiple of 2?
True
Is 47 a factor of 21987?
False
Is 56404 a multiple of 22?
False
Is 9 a factor of 148673?
False
Is 5106 a multiple of 6?
True
Is 99 a factor of 17349?
False
Is 160735 a multiple of 155?
True
Is 311418 a multiple of 8?
False
Is 3892763 a multiple of 275?
False
Is 52 a factor of 523199?
False
Does 1446 divide 7332414?
False
Does 6 divide 489588?
True
Is 186 a factor of 1085496?
True
Does 447 divid